13323?
10113323
In base 12, what is -202410 + 2?
-20240a
In base 14, what is 16543 + 5?
16548
In base 6, what is -1 + 2053514?
2053513
In base 11, what is 3758 - 2?
3756
In base 2, what is 10001 + 1010100111000010000?
1010100111000100001
In base 11, what is -1a76 - -1aa?
-1877
In base 3, what is 2201210221 - 12?
2201210202
In base 12, what is -25a - -24?
-236
In base 12, what is -1a5310 - 1?
-1a5311
In base 12, what is -10 + -11044a?
-11045a
In base 9, what is 55061 + -2?
55058
In base 4, what is -10 - 1230322302?
-1230322312
In base 2, what is 10 + -1100011111111?
-1100011111101
In base 5, what is 100114424 - -1?
100114430
In base 10, what is -768973 + 4?
-768969
In base 8, what is -110552 + -3?
-110555
In base 4, what is -1 + -10322333?
-10323000
In base 13, what is bc8b - -3?
bc91
In base 5, what is -300030414 + 10?
-300030404
In base 12, what is 1a7024 + 5?
1a7029
In base 3, what is 2 - -210011?
210020
In base 7, what is -4 + 11342?
11335
In base 9, what is -2 - -10120?
10117
In base 9, what is 1 + 681103?
681104
In base 9, what is -2888 - 18?
-3017
In base 5, what is -3103 + 12423?
4320
In base 16, what is -2e2ce + 2?
-2e2cc
In base 2, what is 0 - 101000100001101?
-101000100001101
In base 15, what is be60 + -a?
be55
In base 14, what is -6957 + 7?
-6950
In base 16, what is -4 + 2c0f?
2c0b
In base 9, what is 8 + -602?
-583
In base 6, what is 1544535 + 25?
1545004
In base 10, what is 1138 + 32?
1170
In base 11, what is -146482 - -2?
-146480
In base 8, what is 12 + 27421?
27433
In base 10, what is 1232 + -104?
1128
In base 2, what is 10110110000 - 1011011?
10101010101
In base 16, what is 3 + -f709?
-f706
In base 2, what is 101010100 - -1110111100?
10100010000
In base 16, what is 29fa + -9?
29f1
In base 3, what is 1 - -102100101221?
102100101222
In base 15, what is 11 - 8711?
-8700
In base 5, what is -200033331 - 10?
-200033341
In base 12, what is 2 + 542a36?
542a38
In base 7, what is -3 + 152422?
152416
In base 13, what is 213cc + 3?
21402
In base 15, what is 132 + -60a?
-4c8
In base 3, what is -2120201 - -210100?
-1210101
In base 15, what is 1 + a945?
a946
In base 3, what is -100212210 + -2022?
-100222002
In base 10, what is 7 + -516000?
-515993
In base 16, what is -92 - -1bdf?
1b4d
In base 16, what is -5e4 - -62?
-582
In base 8, what is -25157 + 24?
-25133
In base 14, what is -9b54 + 0?
-9b54
In base 15, what is -5 + 1bc3?
1bbd
In base 13, what is 5 - cb67?
-cb62
In base 8, what is -20 - -16676?
16656
In base 15, what is -4 + 201a?
2016
In base 15, what is -1e4b3 - 4?
-1e4b7
In base 11, what is -803 - 0?
-803
In base 15, what is -14eb6 - 23?
-14ed9
In base 4, what is -102 - 1121220?
-1121322
In base 10, what is 30466 - -56?
30522
In base 12, what is -551 - 2?
-553
In base 13, what is 251149 + 5?
251151
In base 14, what is -3 + -110dc3?
-110dc6
In base 9, what is 40288 + -20?
40268
In base 6, what is -11524 + 510?
-11014
In base 6, what is 24411 - 130?
24241
In base 8, what is 5 + -110477?
-110472
In base 4, what is 1233023023 - 3?
1233023020
In base 11, what is 212 - 243?
-31
In base 16, what is -2a1c49 - 5?
-2a1c4e
In base 7, what is -1206 - -25?
-1151
In base 5, what is -34204 + 34?
-34120
In base 15, what is -4667b - -2?
-46679
In base 14, what is -704c + -8?
-7056
In base 14, what is -589 - 84?
-62d
In base 15, what is 23e3 - -a?
23ed
In base 7, what is -1 + 5526033?
5526032
In base 3, what is -10 - 21022100?
-21022110
In base 13, what is 106 - b3?
23
In base 2, what is -101010000011 - -10011?
-101001110000
In base 13, what is 1 - 238b1c?
-238b1b
In base 3, what is 1011000100100 + 10?
1011000100110
In base 4, what is 300211002 - 0?
300211002
In base 9, what is 1701 + -185?
1505
In base 10, what is -12 - -75355?
75343
In base 14, what is 23 + -3396?
-3373
In base 16, what is -2 - e2678?
-e267a
In base 14, what is 2d7 + -17?
2c0
In base 7, what is 160 - -600?
1060
In base 10, what is 0 + 110807?
110807
In base 9, what is -2678 - 221?
-3010
In base 9, what is 232 - 20?
212
In base 7, what is -141 - -14452?
14311
In base 16, what is 3f9 + -544?
-14b
In base 12, what is -534247 - -3?
-534244
In base 2, what is 100011001011111 - -100?
100011001100011
In base 13, what is 582 - b4a?
-598
In base 8, what is 4 - -4704?
4710
In base 11, what is -113318a + -1?
-1133190
In base 8, what is 4 + 255753?
255757
In base 9, what is 5 + 4176?
4182
In base 2, what is -1100101000011011 + -101?
-1100101000100000
In base 9, what is 16120 + 54?
16174
In base 5, what is 2 + 1133142?
1133144
In base 7, what is 5 - 60156?
-60151
In base 3, what is 102012 + -2000102?
-1121020
In base 11, what is -20 + -16067?
-16087
In base 10, what is 1876 - -9?
1885
In base 16, what is 3 + -954?
-951
In base 5, what is -432 - 4221?
-10203
In base 16, what is 5a5cd8 - 5?
5a5cd3
In base 2, what is 101010100000100 - 1001100?
101010010111000
In base 12, what is -81 - -1baaa?
1ba29
In base 15, what is 82 + -156?
-c4
In base 8, what is 7152 - -25?
7177
In base 9, what is 11514 - 2?
11512
In base 12, what is 4 - 16165?
-16161
In base 4, what is -12232 + 1211?
-11021
In base 5, what is -3 - 21204?
-21212
In base 6, what is 23400 + 105?
23505
In base 10, what is 369 + 8?
377
In base 15, what is 0 + -4595c?
-4595c
In base 12, what is 4 + -18880?
-18878
In base 15, what is -91e7 + 1?
-91e6
In base 6, what is 4514 - -10431?
15345
In base 14, what is -38a6 + -b?
-38b3
In base 6, what is -3 - 43103453?
-43103500
In base 3, what is 121211202 - -1020?
121212222
In base 2, what is -10100100110 - -1?
-10100100101
In base 2, what is -11111101011010 + -111?
-11111101100001
In base 2, what is -11000111100110 + -101?
-11000111101011
In base 15, what is 164626 + 3?
164629
In base 16, what is 10 - 2627?
-2617
In base 16, what is 6a5cb + 1?
6a5cc
In base 12, what is 8 - b778?
-b770
In base 12, what is -10a - -314?
206
In base 10, what is 842 - 802?
40
In base 2, what is -101 - -1001111010001?
1001111001100
In base 7, what is 20 + -1552?
-1532
In base 7, what is -40 - -11650?
11610
In base 6, what is -5 - 243020?
-243025
In base 4, what is 330003 - -111?
330120
In base 8, what is 5 - -54672?
54677
In base 16, what is cd + -216?
-149
In base 13, what is -58553 - -2?
-58551
In base 16, what is -7c4c - 3?
-7c4f
In base 3, what is 112210121 + 112?
112211010
In base 4, what is 32 + 123013?
123111
In base 4, what is 300300 - 12022?
222212
In base 5, what is -43 + -103041?
-103134
In base 7, what is -456 + -4220?
-5006
In base 5, what is 1110 - 20334?
-14224
In base 16, what is -19c - -5c?
-140
In base 5, what is 312313 + 33?
312401
In base 13, what is 4 - -14644?
14648
In base 3, what is -10022102 - -2?
-10022100
In base 5, what is 1412 + 33432?
40344
In base 11, what is 1 + 11041?
11042
In base 5, what is 1042221 + 3?
1042224
In base 7, what is -5 + -213616?
-213624
In base 10, what is -117 + 2396?
2279
In base 12, what is -871 + 0?
-871
In base 2, what is 100010101 + 100001111010?
100110001111
In base 12, what is 117 - -1269?
1384
In base 7, what is -101 - 62?
-163
In base 9, what is 504 + -750?
-245
In base 5, what is 0 - -43311?
43311
In base 12, what is -10 + b37?
b27
In base 6, what is -312 + -101?
-413
In base 13, what is 259a0 - -4?
259a4
In base 16, what is 6 - d74d?
-d747
In base 5, what is 1124232440 - 3?
1124232432
In base 6, what is 2502102 + -11?
2502051
In base 12, what is 87a2b + -1?
87a2a
In base 15, what is -e5c - 4e?
-eab
In base 5, what is -2 + 411424302?
411424300
In base 8, what is -1365226 - 3?
-1365231
In base 11, what is -7 + -2647?
-2653
In base 4, what is -32311 + -100020?
-132331
In base 11, what is 34 - -2886?
290a
In base 12, what is -1 - 1?
-2
In base 16, what is -29 + 422f?
4206
In base 7, what is 220 + 2036?
2256
In base 3, what is -1012 + 1201122?
1200110
In base 9, what is -31 + 72508?
72467
In base 14, what is -3 + 841b?
8418
In base 3, what is -22012212 - -12?
-22012200
In base 15, what is e031 + 9?
e03a
In base 4, what is 1 - -112223112?
112223113
In base 12, what is 39 - 617?
-59a
In base 13, what is 0 + 2972a?
2972a
In base 4, what is -21 - -3013?
2332
In base 7, what is 16202545 + -5?
16202540
In base 14, what is -560d - 5a?
-5669
In base 3, what is -12 + -200220011?
-200220100
In base 3, what is 2001201110112 + -1?
2001201110111
In base 14, what is -9da8 - -63?
-9d